me number?
False
Suppose -4*t + 18 = -6*t. Let z be 295*(t/(-5) + -1). Suppose -8*v = -10*v + z. Is v composite?
True
Let i = -102 - -106. Suppose 0 = -3*a + i*a - 753. Is a a prime number?
False
Let y(a) = 107*a**2 + 16*a - 59. Is y(4) composite?
True
Suppose -3*p = -h - 2*p + 9369, 4*h = -4*p + 37492. Is h a prime number?
True
Let f = 41170 + -26973. Is f prime?
True
Suppose 4*l = 5*r + 2*l - 9620, 3*r - 5*l - 5772 = 0. Let k = r + -669. Is k prime?
False
Let t be -18*((-14)/3)/7. Let k(p) = p**3 - 13*p**2 + t*p + 3*p**2 - 3 + 1. Is k(11) prime?
True
Suppose 3*a - 3615 = 2*q, 5*a - 3*q = 10*a - 6044. Is a prime?
False
Let f(q) = q**3 - 5*q**2 - 2*q - 12. Let d be f(6). Suppose -d*y = -8*y - 1324. Is y composite?
False
Suppose 2*b - 3670 = -866. Suppose -2*x = -0*x - b. Is x composite?
False
Let k(n) = -551*n**3 - 20*n**2 - 65*n + 7. Is k(-5) prime?
False
Let o(c) = -22*c**3 + c**2 + c + 27. Is o(-8) a composite number?
True
Let j(d) = -d**2 - 12*d - 14. Let i be j(-7). Let t(w) = w**2 + 6*w - 2. Let a be t(-5). Is (a/i)/(1/(-33)) a prime number?
True
Let z(n) = 29*n**2 - 3*n - 2. Let x(r) be the second derivative of -r**4/12 - 10*r. Let k(f) = -5*x(f) + z(f). Is k(-1) prime?
False
Let b be 2/(-4) - (-2)/(-4). Let f be (b - -2) + (4 - -2675). Suppose 5*c - p - 1037 - f = 0, 5*c - 3709 = -3*p. Is c a composite number?
False
Let t be ((-66)/(-11))/(1/(-5)). Let z be 56 - -3*(1 + -2). Let r = t + z. Is r a composite number?
False
Suppose -2*m = 2*x - 3*x - 15636, 4*x = -2*m + 15646. Is m composite?
True
Let v be (-14)/(-6) + (-26)/(-39). Is 14/v*(-1335)/(-10) composite?
True
Suppose -4*d = 3*z - 2027, 4*d + 5 = 1. Is z a prime number?
True
Suppose 5*z - 296 = 4*z. Suppose m - 31 = 3*u - 253, 4*u - 3*m = z. Suppose 4*y - u - 66 = 0. Is y a composite number?
True
Let z(f) = f**2 + f + 3241. Let y be z(0). Suppose 4852 = 2*x + x + 2*t, 0 = 2*x - 5*t - y. Let b = x - 831. Is b a composite number?
False
Suppose -2*d = -3*t + 29705, 2*t + 19782 = 4*t + 4*d. Is t prime?
False
Let p be 8*2*(-9)/(-48). Suppose -4*b + 245 = p*s, -s - 25 = -3*b + 149. Is b a prime number?
True
Let a be -5 + (1 - -9)/(-5). Let p(o) = 2*o**3 + 16*o**2 - 9*o. Is p(a) a prime number?
False
Suppose 297 = 4*u - 339. Suppose i + 0*i = u. Is (i/(-6))/((-2)/20) composite?
True
Suppose 11 = 4*l - 9. Suppose 1508 = l*v - 332. Suppose 109 = -j + v. Is j composite?
True
Let t be (-5)/3 + 163640/30. Suppose 1204 + t = 7*p. Is p prime?
False
Suppose -874 - 3851 = 3*u. Let l = -874 - u. Is l prime?
True
Let s be (1 - 8/6)*-6. Suppose 3*x = -s*x + 25. Suppose 6*q - 85 = x*q. Is q composite?
True
Let w(b) = 41*b**2 + 4*b - 8. Let m(i) = -40*i**2 - 5*i + 7. Let y(c) = 5*m(c) + 6*w(c). Is y(-6) composite?
True
Let c(s) = 19*s**3 - 6*s**2 - s - 1. Suppose 11 + 14 = 5*o. Is c(o) composite?
True
Suppose 9265 = -5*g - 6890. Suppose -4*p - 4 = -2*p. Is g/(-63) - p/(-7) composite?
True
Suppose 2*w - 7 = -15. Let o be -12*(4 + 18/w). Suppose 5*u - 955 = -2*p + o*p, 4*u = -5*p + 723. Is u composite?
True
Let y(q) be the second derivative of -1111*q**5/10 - q**4/12 + q**3/3 + q**2 + 28*q. Is y(-1) a composite number?
False
Let y = 320 - 125. Let s = 286 - y. Is s a prime number?
False
Suppose 4*w = 18 - 10. Suppose -4*z = 5*b - 28, -4*z - w - 2 = -3*b. Suppose -b*o + g = -0*g - 269, -2*g - 69 = -o. Is o a composite number?
False
Let f(t) = 252*t**2 + 25*t - 190. Is f(11) a prime number?
True
Let v(h) = h**2 + 8*h + 3. Let f be v(-5). Let c be -1 - f/(3 + 0). Is 1/c - 2600/(-12) a prime number?
False
Suppose 5448 = 10*b - 4*b. Let n = -573 + b. Is n prime?
False
Let n(u) = 5*u**2 - 4*u + 41. Is n(20) a composite number?
True
Let i be -5 + 1 - (-2183 - -9). Let f = i - 1497. Is f a composite number?
False
Let b be (108/63)/(1/(-7)). Let t = 16 + b. Suppose -v + 2*k = -137, t*v - 8*v = -2*k - 572. Is v composite?
True
Let c be 1 - (-1 - 0/(-3)). Let n be -3 + 9 + -3 + c. Suppose -n*l + 8*g = 3*g - 55, 2*g + 35 = 3*l. Is l prime?
True
Let v be ((-21)/(-6) - -1)/(3/4). Is (v - 8)/(4/(-106)) composite?
False
Let g(o) = 162*o**2 + 15*o - 7. Let b be g(8). Suppose -7*l - 3502 = -b. Is l composite?
False
Let q(b) = -513*b + 5. Let i be q(-8). Suppose 10*d = 3*d + i. Is d a prime number?
True
Suppose -17*h = -192601 + 60018. Is h composite?
True
Suppose 0 = -26*z + 17*z + 24345. Is z a prime number?
False
Let p(n) = 272*n**2 + n - 4. Let t be p(-3). Suppose 3*a = -0*a. Suppose 4*y + 661 - t = a. Is y a prime number?
False
Let l(s) = -2*s**2 - 14*s + 1. Let a be l(-7). Is 337 + a*(-3 - -3) composite?
False
Suppose -3 = -2*o + 3. Let f be o/6*20/5. Suppose 185 = i - 0*i + f*a, -12 = -4*a. Is i composite?
False
Let o be 2/(-4) + (-8218)/(-4). Suppose -13*d + 12*d + 5 = 0. Suppose 4*x + o - 7919 = -d*t, -2*x + 5855 = 5*t. Is t a prime number?
False
Suppose -3*v - 2*f = -51637 + 13438, -v + 5*f + 12716 = 0. Is v a composite number?
True
Let q(p) = 12*p**3 + 4*p**2 - p - 83. Is q(6) a prime number?
True
Suppose -8*g + 14 + 34 = 0. Is 957 - (-24)/(-18)*g/(-4) composite?
True
Let b = -27413 - -60154. Is b a prime number?
False
Let f(z) = -z + 2. Let h be f(5). Let g be (1 - -1) + (-868)/7. Let v = h - g. Is v prime?
False
Let d be (-2)/(-2 + (-5643)/(-2823)). Let h = -284 + d. Suppose p + 1463 = 3*i, 0 = -5*i - 5*p + h + 867. Is i prime?
False
Suppose -1 - 9 = 5*u. Is 2 - u - (-86 - -1) a prime number?
True
Let l = 86 + -203. Let s be (-2)/(-4) + (-1635)/6. Let a = l - s. Is a prime?
False
Suppose -l = -3880 - 3762. Is l a prime number?
False
Suppose 0 = -3*z + 4*q + 6709, 4 = -2*q - 4. Is z prime?
False
Let i = 111 + 45. Suppose 0 = -2*a - 2*a - i. Let h = a + 61. Is h composite?
True
Suppose -4*l + 882 = -0*j - 3*j, -j - 886 = -4*l. Suppose -2*m + l = -5*c, -m - 307 = -4*m + c. Let r = m - 16. Is r prime?
False
Suppose -3*w = 9, 2*o - 3*w - 6 - 11 = 0. Suppose -7450 + 1830 = -o*l. Is l a composite number?
True
Let y = 120070 - 83637. Is y a composite number?
False
Suppose 0 = -4*u - k - 24, -3*k = 3*u + 2*u + 30. Let p be 2*(-5)/(20/u). Suppose -2*b - 1 = -b, 2*b - 1135 = -p*f. Is f prime?
True
Let a(c) = 26*c**2 + c - 9. Let z be a(-5). Suppose -3*h = f + f - 1335, -4*f = -3*h + 1335. Let d = z - h. Is d composite?
False
Suppose 0 = n + 39*n - 1101720. Is n a composite number?
True
Let w be 4 - 1*(2 + -2). Let t(x) = x**3 - 3*x**2 + 6*x - 5. Let s be t(w). Suppose -m + s = -2. Is m prime?
True
Let v(b) = 1527*b**2 + 50*b + 372. Is v(-7) a composite number?
True
Suppose 3*q = z - 4*z + 18, -q + 26 = -3*z. Let p = 90 - q. Is p prime?
True
Let x be ((-72)/(-20))/((-2)/(-15)). Let u = 244 + x. Is u prime?
True
Suppose 3*t = t - f - 599, -3*t = f + 900. Let o = -127 + -87. Let s = o - t. Is s a prime number?
False
Suppose 5*v = -v + 9210. Suppose -q - 3*u + 476 = 0, 3*q - 5*u = v - 37. Is q prime?
True
Suppose -w + 67 + 197 = 0. Is 14/4*(w + -10) a composite number?
True
Let h(z) be the second derivative of 31*z**3/6 - 11*z**2/2 + 4*z. Is h(10) a prime number?
False
Suppose c = 3*g - 10494 + 1279, c - 9211 = -3*g. Is g a prime number?
False
Let h(f) = -f**3 - 2*f**2 + 5*f - 13. Is h(-5) a prime number?
True
Suppose 42*c - 1967759 = 514903. Is c composite?
True
Let j be -12 - (9/(-3) - -6). Is (5/j)/((-2)/402) a prime number?
True
Let c(x) be the second derivative of -x**5/20 + 7*x**4/12 - x**3/2 - 7*x**2 - 6*x. Let p be c(6). Is 623/(2 - p/4) a composite number?
True
Suppose 0 = 8*m - 15*m + 7301. Is m a prime number?
False
Let g = 15330 + -6251. Is g composite?
True
Suppose -13*l + 16327 = -12390. Is l composite?
True
Suppose 1 = 3*q + 5*i - 3, -4*i - 4 = 0. Suppose -q*g + 3448 = g. Is g a composite number?
True
Let p = 490 + 429. Is p prime?
True
Suppose 45*f + 43205 = 50*f. Is f a composite number?
False
Let b(r) = r**3 + r**2 - 4*r - 19. Let m be b(10). Suppose 6*d - m = 3*d. Is d a composite number?
False
Let p = 18937 - 12038. Is p composite?
False
Let k = 79 - 62. Suppose 2238 = k*o - 11*o. Is o composite?
False
Let u(b) = -b + 6. Let q be u(3). Let m be q + (-4)/(4/3). Suppose -2*c - 2*c = -3*v - 104, m = c + 5*v - 26. Is c a composite number?
True
Let o = -35052 + 61193. Is o composite?
False
Suppose 5*l = 15412 + 24873. Is l prime?
False
Let y = 68816 - 45361. Is y a composite number?
True
Let t = -18 - -6